{"id":298,"date":"2018-11-16T18:33:58","date_gmt":"2018-11-16T18:33:58","guid":{"rendered":"https:\/\/www.pirimlar.com\/ankara\/?page_id=298"},"modified":"2018-11-16T18:55:39","modified_gmt":"2018-11-16T18:55:39","slug":"yaptigimiz-isler","status":"publish","type":"page","link":"https:\/\/www.pirimlar.com\/ankara\/?page_id=298","title":{"rendered":"Yapt\u0131\u011f\u0131m\u0131z \u0130\u015fler"},"content":{"rendered":"\n\t\t<style type=\"text\/css\">\n\t\t\t#gallery-1 {\n\t\t\t\tmargin: auto;\n\t\t\t}\n\t\t\t#gallery-1 .gallery-item {\n\t\t\t\tfloat: left;\n\t\t\t\tmargin-top: 10px;\n\t\t\t\ttext-align: center;\n\t\t\t\twidth: 33%;\n\t\t\t}\n\t\t\t#gallery-1 img {\n\t\t\t\tborder: 2px solid #cfcfcf;\n\t\t\t}\n\t\t\t#gallery-1 .gallery-caption {\n\t\t\t\tmargin-left: 0;\n\t\t\t}\n\t\t\t\/* see gallery_shortcode() in wp-includes\/media.php *\/\n\t\t<\/style>\n\t\t<div id='gallery-1' class='gallery galleryid-298 gallery-columns-3 gallery-size-thumbnail'><dl class='gallery-item'>\n\t\t\t<dt class='gallery-icon landscape'>\n\t\t\t\t<a href='https:\/\/www.pirimlar.com\/ankara\/?attachment_id=300#main'><img loading=\"lazy\" decoding=\"async\" width=\"150\" height=\"150\" src=\"https:\/\/www.pirimlar.com\/ankara\/wp-content\/uploads\/2018\/11\/berjer-150x150.jpg\" class=\"attachment-thumbnail size-thumbnail\" alt=\"Koltuk d\u00f6\u015feme koltuk tamiri\" aria-describedby=\"gallery-1-300\" \/><\/a>\n\t\t\t<\/dt>\n\t\t\t\t<dd class='wp-caption-text gallery-caption' id='gallery-1-300'>\n\t\t\t\tKoltuk d\u00f6\u015feme koltuk tamiri\n\t\t\t\t<\/dd><\/dl><dl class='gallery-item'>\n\t\t\t<dt class='gallery-icon landscape'>\n\t\t\t\t<a href='https:\/\/www.pirimlar.com\/ankara\/?attachment_id=301#main'><img loading=\"lazy\" decoding=\"async\" width=\"150\" height=\"150\" src=\"https:\/\/www.pirimlar.com\/ankara\/wp-content\/uploads\/2018\/11\/eligul-150x150.jpg\" class=\"attachment-thumbnail size-thumbnail\" alt=\"Dursun elig\u00fcl d\u00f6\u015feme\" aria-describedby=\"gallery-1-301\" \/><\/a>\n\t\t\t<\/dt>\n\t\t\t\t<dd class='wp-caption-text gallery-caption' id='gallery-1-301'>\n\t\t\t\tDursun elig\u00fcl d\u00f6\u015feme\n\t\t\t\t<\/dd><\/dl><dl class='gallery-item'>\n\t\t\t<dt class='gallery-icon landscape'>\n\t\t\t\t<a href='https:\/\/www.pirimlar.com\/ankara\/?attachment_id=302#main'><img loading=\"lazy\" decoding=\"async\" width=\"150\" height=\"150\" src=\"https:\/\/www.pirimlar.com\/ankara\/wp-content\/uploads\/2018\/11\/koltuk-150x150.jpg\" class=\"attachment-thumbnail size-thumbnail\" alt=\"Koltuk d\u00f6\u015feme koltuk tamiri\" aria-describedby=\"gallery-1-302\" \/><\/a>\n\t\t\t<\/dt>\n\t\t\t\t<dd class='wp-caption-text gallery-caption' id='gallery-1-302'>\n\t\t\t\tKoltuk d\u00f6\u015feme koltuk tamiri\n\t\t\t\t<\/dd><\/dl><br style=\"clear: both\" \/><dl class='gallery-item'>\n\t\t\t<dt class='gallery-icon landscape'>\n\t\t\t\t<a href='https:\/\/www.pirimlar.com\/ankara\/?attachment_id=303#main'><img loading=\"lazy\" decoding=\"async\" width=\"150\" height=\"150\" src=\"https:\/\/www.pirimlar.com\/ankara\/wp-content\/uploads\/2018\/11\/koltuk_doseme-150x150.jpg\" class=\"attachment-thumbnail size-thumbnail\" alt=\"Koltuk d\u00f6\u015feme koltuk tamiri\" aria-describedby=\"gallery-1-303\" \/><\/a>\n\t\t\t<\/dt>\n\t\t\t\t<dd class='wp-caption-text gallery-caption' id='gallery-1-303'>\n\t\t\t\tKoltuk d\u00f6\u015feme koltuk tamiri\n\t\t\t\t<\/dd><\/dl><dl class='gallery-item'>\n\t\t\t<dt class='gallery-icon landscape'>\n\t\t\t\t<a href='https:\/\/www.pirimlar.com\/ankara\/?attachment_id=304#main'><img loading=\"lazy\" decoding=\"async\" width=\"150\" height=\"150\" src=\"https:\/\/www.pirimlar.com\/ankara\/wp-content\/uploads\/2018\/11\/koltukcu-150x150.png\" class=\"attachment-thumbnail size-thumbnail\" alt=\"Koltuk d\u00f6\u015feme koltuk tamiri\" aria-describedby=\"gallery-1-304\" \/><\/a>\n\t\t\t<\/dt>\n\t\t\t\t<dd class='wp-caption-text gallery-caption' id='gallery-1-304'>\n\t\t\t\tKoltuk d\u00f6\u015feme koltuk tamiri\n\t\t\t\t<\/dd><\/dl><dl class='gallery-item'>\n\t\t\t<dt class='gallery-icon landscape'>\n\t\t\t\t<a href='https:\/\/www.pirimlar.com\/ankara\/?attachment_id=305#main'><img loading=\"lazy\" decoding=\"async\" width=\"150\" height=\"150\" src=\"https:\/\/www.pirimlar.com\/ankara\/wp-content\/uploads\/2018\/11\/koltuk-tamiri-150x150.jpg\" class=\"attachment-thumbnail size-thumbnail\" alt=\"Koltuk d\u00f6\u015feme koltuk tamiri\" aria-describedby=\"gallery-1-305\" \/><\/a>\n\t\t\t<\/dt>\n\t\t\t\t<dd class='wp-caption-text gallery-caption' id='gallery-1-305'>\n\t\t\t\tKoltuk d\u00f6\u015feme koltuk tamiri\n\t\t\t\t<\/dd><\/dl><br style=\"clear: both\" \/><dl class='gallery-item'>\n\t\t\t<dt class='gallery-icon landscape'>\n\t\t\t\t<a href='https:\/\/www.pirimlar.com\/ankara\/?attachment_id=306#main'><img loading=\"lazy\" decoding=\"async\" width=\"150\" height=\"150\" src=\"https:\/\/www.pirimlar.com\/ankara\/wp-content\/uploads\/2018\/11\/koltuk-tamiri-1-150x150.jpg\" class=\"attachment-thumbnail size-thumbnail\" alt=\"Koltuk d\u00f6\u015feme koltuk tamiri\" aria-describedby=\"gallery-1-306\" \/><\/a>\n\t\t\t<\/dt>\n\t\t\t\t<dd class='wp-caption-text gallery-caption' id='gallery-1-306'>\n\t\t\t\tKoltuk d\u00f6\u015feme koltuk tamiri\n\t\t\t\t<\/dd><\/dl><dl class='gallery-item'>\n\t\t\t<dt class='gallery-icon landscape'>\n\t\t\t\t<a href='https:\/\/www.pirimlar.com\/ankara\/?attachment_id=307#main'><img loading=\"lazy\" decoding=\"async\" width=\"150\" height=\"150\" src=\"https:\/\/www.pirimlar.com\/ankara\/wp-content\/uploads\/2018\/11\/koltuk-tamiri-2-150x150.jpg\" class=\"attachment-thumbnail size-thumbnail\" alt=\"K\u00f6\u015fe koltuk tak\u0131m\u0131 d\u00f6\u015feme\" aria-describedby=\"gallery-1-307\" \/><\/a>\n\t\t\t<\/dt>\n\t\t\t\t<dd class='wp-caption-text gallery-caption' id='gallery-1-307'>\n\t\t\t\tK\u00f6\u015fe koltuk tak\u0131m\u0131 d\u00f6\u015feme\n\t\t\t\t<\/dd><\/dl><dl class='gallery-item'>\n\t\t\t<dt class='gallery-icon landscape'>\n\t\t\t\t<a href='https:\/\/www.pirimlar.com\/ankara\/?attachment_id=308#main'><img loading=\"lazy\" decoding=\"async\" width=\"150\" height=\"150\" src=\"https:\/\/www.pirimlar.com\/ankara\/wp-content\/uploads\/2018\/11\/koltuk-tamiri-3-150x150.jpg\" class=\"attachment-thumbnail size-thumbnail\" alt=\"Koltuk d\u00f6\u015feme koltuk tamiri\" aria-describedby=\"gallery-1-308\" \/><\/a>\n\t\t\t<\/dt>\n\t\t\t\t<dd class='wp-caption-text gallery-caption' id='gallery-1-308'>\n\t\t\t\tKoltuk d\u00f6\u015feme koltuk tamiri\n\t\t\t\t<\/dd><\/dl><br style=\"clear: both\" \/><dl class='gallery-item'>\n\t\t\t<dt class='gallery-icon landscape'>\n\t\t\t\t<a href='https:\/\/www.pirimlar.com\/ankara\/?attachment_id=309#main'><img loading=\"lazy\" decoding=\"async\" width=\"150\" height=\"150\" src=\"https:\/\/www.pirimlar.com\/ankara\/wp-content\/uploads\/2018\/11\/koltuk-tamiri-4-150x150.jpg\" class=\"attachment-thumbnail size-thumbnail\" alt=\"Koltuk d\u00f6\u015feme koltuk tamiri\" aria-describedby=\"gallery-1-309\" \/><\/a>\n\t\t\t<\/dt>\n\t\t\t\t<dd class='wp-caption-text gallery-caption' id='gallery-1-309'>\n\t\t\t\tKoltuk d\u00f6\u015feme koltuk tamiri\n\t\t\t\t<\/dd><\/dl><dl class='gallery-item'>\n\t\t\t<dt class='gallery-icon landscape'>\n\t\t\t\t<a href='https:\/\/www.pirimlar.com\/ankara\/?attachment_id=310#main'><img loading=\"lazy\" decoding=\"async\" width=\"150\" height=\"150\" src=\"https:\/\/www.pirimlar.com\/ankara\/wp-content\/uploads\/2018\/11\/koltuk-tamiri-5-150x150.jpg\" class=\"attachment-thumbnail size-thumbnail\" alt=\"Koltuk d\u00f6\u015feme koltuk tamiri\" aria-describedby=\"gallery-1-310\" \/><\/a>\n\t\t\t<\/dt>\n\t\t\t\t<dd class='wp-caption-text gallery-caption' id='gallery-1-310'>\n\t\t\t\tKoltuk d\u00f6\u015feme koltuk tamiri\n\t\t\t\t<\/dd><\/dl><dl class='gallery-item'>\n\t\t\t<dt class='gallery-icon landscape'>\n\t\t\t\t<a href='https:\/\/www.pirimlar.com\/ankara\/?attachment_id=311#main'><img loading=\"lazy\" decoding=\"async\" width=\"150\" height=\"150\" src=\"https:\/\/www.pirimlar.com\/ankara\/wp-content\/uploads\/2018\/11\/koltuk-tamiri-7-150x150.jpg\" class=\"attachment-thumbnail size-thumbnail\" alt=\"Koltuk d\u00f6\u015feme koltuk tamiri\" aria-describedby=\"gallery-1-311\" \/><\/a>\n\t\t\t<\/dt>\n\t\t\t\t<dd class='wp-caption-text gallery-caption' id='gallery-1-311'>\n\t\t\t\tKoltuk d\u00f6\u015feme koltuk tamiri\n\t\t\t\t<\/dd><\/dl><br style=\"clear: both\" \/><dl class='gallery-item'>\n\t\t\t<dt class='gallery-icon landscape'>\n\t\t\t\t<a href='https:\/\/www.pirimlar.com\/ankara\/?attachment_id=312#main'><img loading=\"lazy\" decoding=\"async\" width=\"150\" height=\"150\" src=\"https:\/\/www.pirimlar.com\/ankara\/wp-content\/uploads\/2018\/11\/koltuk-tamiri-8-150x150.jpg\" class=\"attachment-thumbnail size-thumbnail\" alt=\"Koltuk d\u00f6\u015feme koltuk tamiri\" aria-describedby=\"gallery-1-312\" \/><\/a>\n\t\t\t<\/dt>\n\t\t\t\t<dd class='wp-caption-text gallery-caption' id='gallery-1-312'>\n\t\t\t\tKoltuk d\u00f6\u015feme koltuk tamiri\n\t\t\t\t<\/dd><\/dl><dl class='gallery-item'>\n\t\t\t<dt class='gallery-icon landscape'>\n\t\t\t\t<a href='https:\/\/www.pirimlar.com\/ankara\/?attachment_id=313#main'><img loading=\"lazy\" decoding=\"async\" width=\"150\" height=\"150\" src=\"https:\/\/www.pirimlar.com\/ankara\/wp-content\/uploads\/2018\/11\/koltuk-tamiri-9-150x150.jpg\" class=\"attachment-thumbnail size-thumbnail\" alt=\"Koltuk d\u00f6\u015feme koltuk tamiri\" aria-describedby=\"gallery-1-313\" \/><\/a>\n\t\t\t<\/dt>\n\t\t\t\t<dd class='wp-caption-text gallery-caption' id='gallery-1-313'>\n\t\t\t\tKoltuk d\u00f6\u015feme koltuk tamiri\n\t\t\t\t<\/dd><\/dl><dl class='gallery-item'>\n\t\t\t<dt class='gallery-icon landscape'>\n\t\t\t\t<a href='https:\/\/www.pirimlar.com\/ankara\/?attachment_id=314#main'><img loading=\"lazy\" decoding=\"async\" width=\"150\" height=\"150\" src=\"https:\/\/www.pirimlar.com\/ankara\/wp-content\/uploads\/2018\/11\/kose-150x150.jpg\" class=\"attachment-thumbnail size-thumbnail\" alt=\"K\u00f6\u015fe koltuk tak\u0131m\u0131 d\u00f6\u015feme\" aria-describedby=\"gallery-1-314\" \/><\/a>\n\t\t\t<\/dt>\n\t\t\t\t<dd class='wp-caption-text gallery-caption' id='gallery-1-314'>\n\t\t\t\tK\u00f6\u015fe koltuk tak\u0131m\u0131 d\u00f6\u015feme\n\t\t\t\t<\/dd><\/dl><br style=\"clear: both\" \/><dl class='gallery-item'>\n\t\t\t<dt class='gallery-icon landscape'>\n\t\t\t\t<a href='https:\/\/www.pirimlar.com\/ankara\/?attachment_id=315#main'><img loading=\"lazy\" decoding=\"async\" width=\"150\" height=\"150\" src=\"https:\/\/www.pirimlar.com\/ankara\/wp-content\/uploads\/2018\/11\/kosetakimi-150x150.jpg\" class=\"attachment-thumbnail size-thumbnail\" alt=\"K\u00f6\u015fe koltuk tak\u0131m\u0131 d\u00f6\u015feme\" aria-describedby=\"gallery-1-315\" \/><\/a>\n\t\t\t<\/dt>\n\t\t\t\t<dd class='wp-caption-text gallery-caption' id='gallery-1-315'>\n\t\t\t\tK\u00f6\u015fe koltuk tak\u0131m\u0131 d\u00f6\u015feme\n\t\t\t\t<\/dd><\/dl><dl class='gallery-item'>\n\t\t\t<dt class='gallery-icon landscape'>\n\t\t\t\t<a href='https:\/\/www.pirimlar.com\/ankara\/?attachment_id=316#main'><img loading=\"lazy\" decoding=\"async\" width=\"150\" height=\"150\" src=\"https:\/\/www.pirimlar.com\/ankara\/wp-content\/uploads\/2018\/11\/sark-kosesi-150x150.jpg\" class=\"attachment-thumbnail size-thumbnail\" alt=\"\u015eark K\u00f6\u015fesi\" aria-describedby=\"gallery-1-316\" \/><\/a>\n\t\t\t<\/dt>\n\t\t\t\t<dd class='wp-caption-text gallery-caption' id='gallery-1-316'>\n\t\t\t\t\u015eark K\u00f6\u015fesi\n\t\t\t\t<\/dd><\/dl><dl class='gallery-item'>\n\t\t\t<dt class='gallery-icon landscape'>\n\t\t\t\t<a href='https:\/\/www.pirimlar.com\/ankara\/?attachment_id=317#main'><img loading=\"lazy\" decoding=\"async\" width=\"150\" height=\"150\" src=\"https:\/\/www.pirimlar.com\/ankara\/wp-content\/uploads\/2018\/11\/sark-kosesi-1-150x150.jpg\" class=\"attachment-thumbnail size-thumbnail\" alt=\"\u015eark K\u00f6\u015fesi\" aria-describedby=\"gallery-1-317\" \/><\/a>\n\t\t\t<\/dt>\n\t\t\t\t<dd class='wp-caption-text gallery-caption' id='gallery-1-317'>\n\t\t\t\t\u015eark K\u00f6\u015fesi\n\t\t\t\t<\/dd><\/dl><br style=\"clear: both\" \/>\n\t\t<\/div>\n\n","protected":false},"excerpt":{"rendered":"","protected":false},"author":1,"featured_media":0,"parent":0,"menu_order":0,"comment_status":"closed","ping_status":"closed","template":"","meta":{"footnotes":""},"class_list":["post-298","page","type-page","status-publish","hentry"],"_links":{"self":[{"href":"https:\/\/www.pirimlar.com\/ankara\/index.php?rest_route=\/wp\/v2\/pages\/298","targetHints":{"allow":["GET"]}}],"collection":[{"href":"https:\/\/www.pirimlar.com\/ankara\/index.php?rest_route=\/wp\/v2\/pages"}],"about":[{"href":"https:\/\/www.pirimlar.com\/ankara\/index.php?rest_route=\/wp\/v2\/types\/page"}],"author":[{"embeddable":true,"href":"https:\/\/www.pirimlar.com\/ankara\/index.php?rest_route=\/wp\/v2\/users\/1"}],"replies":[{"embeddable":true,"href":"https:\/\/www.pirimlar.com\/ankara\/index.php?rest_route=%2Fwp%2Fv2%2Fcomments&post=298"}],"version-history":[{"count":2,"href":"https:\/\/www.pirimlar.com\/ankara\/index.php?rest_route=\/wp\/v2\/pages\/298\/revisions"}],"predecessor-version":[{"id":318,"href":"https:\/\/www.pirimlar.com\/ankara\/index.php?rest_route=\/wp\/v2\/pages\/298\/revisions\/318"}],"wp:attachment":[{"href":"https:\/\/www.pirimlar.com\/ankara\/index.php?rest_route=%2Fwp%2Fv2%2Fmedia&parent=298"}],"curies":[{"name":"wp","href":"https:\/\/api.w.org\/{rel}","templated":true}]}}