{"id":276,"date":"2018-11-16T18:04:46","date_gmt":"2018-11-16T18:04:46","guid":{"rendered":"https:\/\/www.pirimlar.com\/ankara\/?page_id=276"},"modified":"2019-01-02T20:59:32","modified_gmt":"2019-01-02T20:59:32","slug":"ankara-sogutozu-koltuk-doseme-koltuk-tamiri","status":"publish","type":"page","link":"https:\/\/www.pirimlar.com\/ankara\/?page_id=276","title":{"rendered":"Ankara S\u00f6\u011f\u00fct\u00f6z\u00fc Koltuk D\u00f6\u015feme Koltuk Tamiri +90 5552685285"},"content":{"rendered":"<p>Ankara S\u00f6\u011f\u00fct\u00f6z\u00fc Koltuk D\u00f6\u015feme Koltuk Tamiri +90 5552685285<\/p>\n<div id=\"attachment_53\" style=\"width: 310px\" class=\"wp-caption alignnone\"><img loading=\"lazy\" decoding=\"async\" aria-describedby=\"caption-attachment-53\" class=\"size-medium wp-image-53\" src=\"https:\/\/www.pirimlar.com\/ankara\/wp-content\/uploads\/2018\/11\/ankara-koltuk-tamiri-300x167.jpg\" alt=\"Ankara S\u00f6\u011f\u00fct\u00f6z\u00fc Koltuk Tamiri\" width=\"300\" height=\"167\" srcset=\"https:\/\/www.pirimlar.com\/ankara\/wp-content\/uploads\/2018\/11\/ankara-koltuk-tamiri-300x167.jpg 300w, https:\/\/www.pirimlar.com\/ankara\/wp-content\/uploads\/2018\/11\/ankara-koltuk-tamiri.jpg 768w\" sizes=\"auto, (max-width: 300px) 100vw, 300px\" \/><p id=\"caption-attachment-53\" class=\"wp-caption-text\">Ankara Koltuk Tamiri<\/p><\/div>\n<p>Ankara S\u00f6\u011f\u00fct\u00f6z\u00fc koltuk tamiri ,koltuk d\u00f6\u015feme,koltuk y\u00fcz\u00fc de\u011fi\u015fimi,model de\u011fi\u015fimi<\/p>\n<p>HER MODEL KOLTUK D\u00d6\u015eEMES\u0130 YAPIYORUZ. \u0130K\u0130 YIL GARANT\u0130 VER\u0130YORUZ<\/p>\n<p>Koltuk D\u00f6\u015feme Koltuk tamiri ve Y\u00fcz De\u011fi\u015ftirme koltuk imalat\u0131 i\u015finde 30 y\u0131ll\u0131k<br \/>\ntecr\u00fcbe fark\u0131 ya\u015fay\u0131n<\/p>\n<p>KUMA\u015e \u2013 Y\u00dcZ DE\u011e\u0130\u015e\u0130M\u0130<br \/>\n\u0130ste\u011fe ba\u011fl\u0131, model ve \u00f6l\u00e7\u00fclerde imalat<br \/>\n\u00c7ekyat tamiri<br \/>\n\u00c7ekyat Makas de\u011fi\u015fimi<br \/>\nKoltuk tamiri ve bak\u0131m hizmetleri<br \/>\nKoltuk d\u00f6\u015feme ve y\u00fcz de\u011fi\u015fimi i\u015flemleri<br \/>\nSandalye tamir onar\u0131m\u0131 cila y\u00fcz de\u011fi\u015fimi<br \/>\nMinder dikimi<br \/>\nPuf tamiri ve \u00fcretimi<br \/>\nMobilya tamiri cila<br \/>\nAntika koltuk restorasyonu d\u00f6\u015femesi cila<br \/>\nOtel, hastane, kafeterya vb koltuk d\u00f6\u015feme tamir onar\u0131m\u0131 imalat\u0131<br \/>\nOturma grubu koltuk tak\u0131m\u0131 berjer koltuk kanepe sandalye puf ve di\u011fer d\u00f6\u015feme<br \/>\ngrubu mobilya imalatlar\u0131<\/p>\n<p>Koltuk D\u00f6\u015feme ve Y\u00fcz De\u011fi\u015ftirme i\u015finde 30 y\u0131ll\u0131k tecr\u00fcbemiz ile ; her t\u00fcrl\u00fc<br \/>\nklasik ve modern koltuklar\u0131n\u0131z\u0131 son sistemle tamir ve y\u00fcz de\u011fi\u015fimi, cila<br \/>\ni\u015flerini itina ile yapmaktay\u0131z. \u00dcr\u00fcnleriniz adresinizde g\u00f6r\u00fcl\u00fcp hemen uygun<br \/>\n\u00f6deme imkanlar\u0131yla fiyatland\u0131r\u0131lmaktad\u0131r<\/p>\n<p>Ankara&nbsp; S\u00f6\u011f\u00fct\u00f6z\u00fc koltuk tamirine size en uygun kuma\u015flar ile koltuk veya k\u00f6\u015fe<br \/>\nkoltuk veya kanepenizin y\u00fcz\u00fcn\u00fc de\u011fi\u015ftirelim ,mobilyalar\u0131n\u0131z\u0131n tamirini beraber<br \/>\nyapal\u0131m, evinize en uygun mobilyay\u0131 beraber se\u00e7elim birbirine uyumlu onlarca<br \/>\nrenk, desen ve tasar\u0131ma sahip mobilyalar aras\u0131ndan zevkinize en uygun<br \/>\nkombinasyonu yarat\u0131n. Optiroom \u00e7\u00f6z\u00fcmler,istanbul koltuk tamiri\u2019nde sizi bekliyor<br \/>\nT\u00fcm \u00fcretim, tamir ve bak\u0131m i\u015flerinde birinci s\u0131n\u0131f s\u00fcnger ve aksesuarlar<br \/>\nkullan\u0131lmaktad\u0131r.<br \/>\nKuma\u015f se\u00e7iminde size, kuma\u015f hakk\u0131nda gerekli t\u00fcm bilgiler konusunda uzman ki\u015fi<br \/>\ntaraf\u0131ndan verilecektir.<br \/>\nKuma\u015f katalo\u011fumuzdan istedi\u011finiz kuma\u015f\u0131 se\u00e7ip tamir veya \u00fcretimini<br \/>\nyapt\u0131rabilirsiniz.<br \/>\nD\u00f6\u015femelik kuma\u015f, suni deri ve deri sat\u0131\u015f ve \u00fcretimiz vard\u0131r. \u0130ste\u011fe g\u00f6re \u00f6zel<br \/>\ndesen \u00fcretimi yap\u0131lmaktad\u0131r. \u0130ste\u011fe g\u00f6re logo, yaz\u0131 veya yaz\u0131, Kuma\u015f \u00fcr\u00fcnlerinde<br \/>\ndokuma veya boya deri \u00fcr\u00fcnlerinde ise boya ve bask\u0131 \u015feklinde yap\u0131lmaktad\u0131r.<br \/>\nD\u00f6\u015femelik kuma\u015f \u00e7e\u015fitlerinde; kadife, keten, \u015f\u00f6nil, pamuklu keten, kadife<br \/>\ng\u00f6r\u00fcn\u00fcml\u00fc \u015f\u00f6nil vs. \u00e7e\u015fitlerimiz mevcuttur ve ayr\u0131ca \u00f6zel \u00fcretim<br \/>\nyap\u0131labilmektedir. Firmam\u0131z sekt\u00f6r\u00fcn \u00f6nde gelen firmalar\u0131 ile beraber<br \/>\n\u00e7al\u0131\u015fmaktad\u0131r.<br \/>\nHer renk ve desende Armut minder, minder, yast\u0131k \u00fcretimimiz vard\u0131r. Deri, suni<br \/>\nderi, kuma\u015f, imperteks, \u00f6zel dokuma veya bask\u0131 iste\u011finize g\u00f6re imal<br \/>\nedilebilmektedir. \u0130\u00e7erisine styropor ile doldurularak terleme ve \u00e7\u00fcr\u00fcmesi<br \/>\n\u00f6nlenir Stokta haz\u0131r olmayan suni deri \u00fcr\u00fcnlerin 2 g\u00fcnde haz\u0131rlan\u0131p teslim<br \/>\nedilir. Deri ve kuma\u015flarda bu s\u00fcre de\u011fi\u015febilmektedir. \u0130stenildi\u011fi takdirde<br \/>\nm\u00fc\u015fterinin temin etti\u011fi kaplama malzemesi kullan\u0131labilir.<\/p>\n<p>T\u00fcm minder \u00fcr\u00fcnlerimizin i\u00e7erisinde yuvarlak tanelerden olu\u015fan styropor<br \/>\nkullan\u0131lmaktad\u0131r. Styropor ile doldurulan \u00fcr\u00fcnlerde terleme ve \u00e7\u00fcr\u00fcmeden<br \/>\nkaynaklanan y\u0131rt\u0131lmalar olu\u015fmaz. \u0130\u00e7erisine par\u00e7a s\u00fcnger, k\u0131rp\u0131nt\u0131 ve pamuk<br \/>\nkonulan \u00fcr\u00fcnler terletir ve v\u00fccuttan al\u0131nan s\u0131v\u0131 neticesinde \u00fcr\u00fcnde \u00e7\u00fcr\u00fcme ve<br \/>\ny\u0131rt\u0131lmalar olu\u015fur.<br \/>\nTeak mobilya, bah\u00e7e mobilyas\u0131, \u00e7ardak, ah\u015fap deck yaz ve k\u0131\u015f bak\u0131m\u0131, onar\u0131m,<br \/>\nyerine g\u00f6re \u00f6zel imalat yeni yap\u0131lmas\u0131 konular\u0131nda hizmet verilmektedir. Bak\u0131m<br \/>\n\u00fcr\u00fcnlerinde \u0130talyan Filachim \u00fcr\u00fcnlerini kullanmakta ve tavsiye etmekteyiz.<br \/>\nT\u00fcm ankara ya \u00fccretsiz servisimiz vard\u0131r.<\/p>\n<p>Koltuk, tarih boyunca var olmu\u015f ve olacak, hayatta kulland\u0131\u011f\u0131m\u0131z en gerekli<br \/>\ne\u015fyalardan biridir. \u0130lk insanlarda koltuk ihtiyac\u0131n\u0131 muhtemelen ta\u015flardan, a\u011fa\u00e7<br \/>\npar\u00e7alar\u0131ndan olu\u015fan, \u00fcst\u00fc hayvan derileriyle kaplanm\u0131\u015f hacimler g\u00f6rm\u00fc\u015ft\u00fc.<br \/>\nG\u00fcn\u00fcm\u00fcze geldi\u011fimizde ise \u00e7ok \u00e7e\u015fitli hammaddelerden yap\u0131lan koltuk \u00e7e\u015fitleri<br \/>\nile kar\u015f\u0131la\u015f\u0131yoruz. Bunlar dizayn, optopedik \u00f6zellikler, kaplama cinsi (kuma\u015f,<br \/>\nderi vb.) i\u015flevsellik farkl\u0131l\u0131klar g\u00f6stermektedirler.<\/p>\n<p>Koltuk se\u00e7iminde esteti\u011fin oldu\u011fu kadar rahatl\u0131\u011f\u0131n da g\u00f6z \u00f6n\u00fcnde tutulmas\u0131<br \/>\ngerekir. \u00c7\u00fcnk\u00fc, evimizde olduk\u00e7a da hacim kaplayacak olan bu e\u015fyan\u0131n bizce en<br \/>\n\u00f6nemli i\u015flevi, \u00fczerindeki ki\u015fiyi rahat ettirmesidir. \u00d6zellikle televizyon<br \/>\nseyrederken kulland\u0131\u011f\u0131m\u0131z koltuklar\u0131n rahatl\u0131\u011f\u0131, izledi\u011fimiz program\u0131 veya filmi<br \/>\ndaha da zevkli hale getirecektir.<\/p>\n<p>Mobilya ma\u011fazalar\u0131nda koltuk se\u00e7iminizi yaparken, ma\u011fazan\u0131n geni\u015f ortam\u0131nda<br \/>\ng\u00f6rd\u00fc\u011f\u00fcn\u00fcz koltuk tak\u0131m\u0131n\u0131n kendi ortam\u0131n\u0131za rahatl\u0131kla s\u0131\u011fabilece\u011fini<br \/>\nd\u00fc\u015f\u00fcnebilirsiniz. Bu s\u0131k rastlanan g\u00f6z aldanmas\u0131 nedeniyle koltuk tak\u0131m\u0131 evinize<br \/>\nteslim edildi\u011finde ne kadar da b\u00fcy\u00fckm\u00fc\u015f diyerek memnuniyetsiz bir duruma<br \/>\nd\u00fc\u015febilirsiniz. B\u00f6yle bir duruma d\u00fc\u015fmS\u00f6\u011f\u00fct\u00f6z\u00fc i\u00e7in, koltuk tak\u0131m\u0131n\u0131<br \/>\nyerle\u015ftirece\u011finiz odan\u0131n veya salonun \u00e7ok hassas olmasa bile \u00f6l\u00e7ekli bir<br \/>\nkrokisini \u00e7izmeniz ve elinizde bir \u015ferit metre ile koltuk bakmaya \u00e7\u0131kman\u0131z<br \/>\nyarar\u0131n\u0131za olacakt\u0131r. Ma\u011faza g\u00f6revlileri de bu krokiden yararlan\u0131p size<br \/>\ntavsiyelerde bulunabilirler.<br \/>\n\u0130\u00e7inden yatak \u00e7\u0131kan koltuk ve kanepelerde, yata\u011f\u0131n a\u00e7\u0131ld\u0131\u011f\u0131nda ne kadar yer<br \/>\nkaplayaca\u011f\u0131 da ayr\u0131ca g\u00f6z \u00f6n\u00fcnde tutulmas\u0131 gereken bir ayr\u0131nt\u0131d\u0131r. Koltu\u011funuzu<br \/>\nse\u00e7erken estetik, \u00fcst kaplama maddesi gibi g\u00f6r\u00fcnen unsurlar\u0131n yan\u0131s\u0131ra, koltukta<br \/>\nkullan\u0131lan s\u00fcnger, dolgu maddesi, iskelet de \u00e7ok \u00f6nemlidir. Do\u011fal olarak bunlar\u0131<br \/>\nd\u0131\u015far\u0131dan g\u00f6remeseniz de en az\u0131ndan sat\u0131c\u0131ya sorup bilgi edinmeye \u00e7al\u0131\u015f\u0131n.<\/p>\n<p>Ankara S\u00f6\u011f\u00fct\u00f6z\u00fc koltuk, tamiri,bir, koltuk, mobilya, tamiri, olarak, kaplama, masif,<br \/>\nkanepe, makas, tamiri, \u00e7ekyat, makas, tamiri, koltuk, y\u00fcz, de\u011fi\u015fimi, koltuk,<br \/>\nAlm\u0131\u015f oldu\u011funuz koltuk tak\u0131m\u0131 ister deri, ister kuma\u015f kapl\u0131 olsun \u00fcst y\u00fczeyin<br \/>\nnas\u0131l temizlenece\u011fi konusunda firmadan bilgi edinmeniz ve temizli\u011finizi bu<br \/>\n\u00f6nerilere g\u00f6re yapman\u0131z, koltu\u011funuzun kaplamas\u0131n\u0131 uzun y\u0131llar kullanaca\u011f\u0131n\u0131z<br \/>\nanlam\u0131na gelir.<\/p>\n<p>Mobilya, Koltuk, Oturma Gurubu, Koltuk Tak\u0131m\u0131, Ofis Koltuk, K\u00f6\u015fe Koltuk, B\u00fcro<br \/>\nKoltuk, Sandalye, Kanepe, D\u00f6\u015feme, Koltuk K\u0131l\u0131f\u0131 ve Koltuk Kaplama konular\u0131nda<br \/>\nfaaliyet g\u00f6steren firmalar\u0131 sitemizde bulundurarak, ziyaret\u00e7ilerimize bu<br \/>\nfirmalara kolay ula\u015f\u0131m i\u00e7in bir kanal a\u00e7may\u0131 planlad\u0131k. Sitemizde bulunan 2000+<br \/>\nkoltuk modeli ile dekorasyon ara\u015ft\u0131rmalar\u0131n\u0131zda yard\u0131mc\u0131 olaca\u011f\u0131m\u0131z\u0131 umuyoruz\u2026<\/p>\n<p>Koltuk Temizli\u011fi: Koltuk kuma\u015flar\u0131 hafif nemli bezle silinmelidir. Y\u00fczeyleri bol<br \/>\nsu ile temizlik yanl\u0131\u015ft\u0131r. Kuma\u015f temizlenir. Ancak, kuma\u015f kendi b\u00fcnyesine \u00e7ekmi\u015f<br \/>\noldu\u011fu suyu, alt tarafta yer alan s\u00fcngere, elyafa ve iskelete iletecektir. \u0130\u00e7<br \/>\ntaraflara ilerleyen su buradan kolayl\u0131kla tahliye olamayaca\u011f\u0131 ve<br \/>\nbuharla\u015famayaca\u011f\u0131 i\u00e7in k\u00fcflenme ve \u00e7\u00fcr\u00fcmeye kadar giden, k\u00f6t\u00fc kokular yayan bir<br \/>\nolu\u015fum ba\u015flar. Zaman i\u00e7inde kotu ve ho\u015f olmayan alttan gelen lekeler<br \/>\ng\u00f6r\u00fclebilir. Bu \u015fekilde bir temizlik yap\u0131lmas\u0131 gerekiyorsa, temizlikten sonra<br \/>\nkoltuklar havadar, g\u00fcne\u015fli bir ortamda iyice kurutulmal\u0131d\u0131r.<\/p>\n<p>Koltuk D\u00f6\u015feme: Be\u011fenerek ald\u0131\u011f\u0131m\u0131z koltuklar\u0131m\u0131z belli bir s\u00fcre sonra gerek<br \/>\ng\u00f6z\u00fcm\u00fcz al\u0131\u015ft\u0131\u011f\u0131ndan, gerekse y\u0131pran\u0131p kirlendi\u011finden bize pek ho\u015f<br \/>\ng\u00f6r\u00fcnmeyebilir. Bu durumda e\u011fer koltuk tak\u0131m\u0131n\u0131z\u0131n iskeleti sa\u011flamsa ve modelini<br \/>\nbe\u011feniyorsan\u0131z koltuklar\u0131n\u0131z\u0131n yeni bir kuma\u015f ile kaplanmas\u0131n\u0131 d\u00fc\u015f\u00fcnebilirsiniz.<br \/>\nHemen her mahallede bulunan \u201ckoltuk d\u00f6\u015feme\u201d at\u00f6lyeleri size bu konuda yard\u0131mc\u0131<br \/>\nolacakt\u0131r. Bu at\u00f6lyeler koltuklar\u0131n\u0131z\u0131 genellikle evden teslim al\u0131p, yap\u0131lm\u0131\u015f<br \/>\nhalde eve teslim etmekteler. Oturma grubunuzun kuma\u015f gideri modeline g\u00f6re 20 mt ile<br \/>\n45 metre aras\u0131nda olabilir. Kuma\u015f se\u00e7enekleri olduk\u00e7a fazla. Fiyatlar, 10 TL\u2019den 100 TL\u2019ye kadar geni\u015f bir aral\u0131kta bulunuyor.<br \/>\nAyr\u0131ca kuma\u015f alt\u0131nda bulunan elyaf ve s\u00fcnger de e\u011fer de\u011fi\u015fmesi gerekiyorsa maliyet hesab\u0131na<br \/>\neklenmelidir.\u0130stikbal bellona ve di\u011fer marka kanepe makasler\u0131 ikiy\u0131l garantili<br \/>\nde\u011fi\u015ftirilir,y\u00fczleri de\u011fi\u015ftirilir,her t\u00fcrl\u00fc bak\u0131mlar\u0131 itinal\u0131 \u015fekilde yap\u0131l\u0131r.<\/p>\n<p>Ankara Koltuk Tamiri Koltuk D\u00f6\u015feme<\/p>\n","protected":false},"excerpt":{"rendered":"<p>Ankara S\u00f6\u011f\u00fct\u00f6z\u00fc Koltuk D\u00f6\u015feme Koltuk Tamiri +90 5552685285 Ankara S\u00f6\u011f\u00fct\u00f6z\u00fc koltuk tamiri ,koltuk d\u00f6\u015feme,koltuk y\u00fcz\u00fc de\u011fi\u015fimi,model de\u011fi\u015fimi HER MODEL KOLTUK D\u00d6\u015eEMES\u0130 YAPIYORUZ. \u0130K\u0130 YIL GARANT\u0130 VER\u0130YORUZ Koltuk D\u00f6\u015feme [&hellip;]<\/p>\n","protected":false},"author":1,"featured_media":53,"parent":21,"menu_order":0,"comment_status":"closed","ping_status":"closed","template":"","meta":{"footnotes":""},"class_list":["post-276","page","type-page","status-publish","has-post-thumbnail","hentry"],"_links":{"self":[{"href":"https:\/\/www.pirimlar.com\/ankara\/index.php?rest_route=\/wp\/v2\/pages\/276","targetHints":{"allow":["GET"]}}],"collection":[{"href":"https:\/\/www.pirimlar.com\/ankara\/index.php?rest_route=\/wp\/v2\/pages"}],"about":[{"href":"https:\/\/www.pirimlar.com\/ankara\/index.php?rest_route=\/wp\/v2\/types\/page"}],"author":[{"embeddable":true,"href":"https:\/\/www.pirimlar.com\/ankara\/index.php?rest_route=\/wp\/v2\/users\/1"}],"replies":[{"embeddable":true,"href":"https:\/\/www.pirimlar.com\/ankara\/index.php?rest_route=%2Fwp%2Fv2%2Fcomments&post=276"}],"version-history":[{"count":4,"href":"https:\/\/www.pirimlar.com\/ankara\/index.php?rest_route=\/wp\/v2\/pages\/276\/revisions"}],"predecessor-version":[{"id":542,"href":"https:\/\/www.pirimlar.com\/ankara\/index.php?rest_route=\/wp\/v2\/pages\/276\/revisions\/542"}],"up":[{"embeddable":true,"href":"https:\/\/www.pirimlar.com\/ankara\/index.php?rest_route=\/wp\/v2\/pages\/21"}],"wp:featuredmedia":[{"embeddable":true,"href":"https:\/\/www.pirimlar.com\/ankara\/index.php?rest_route=\/wp\/v2\/media\/53"}],"wp:attachment":[{"href":"https:\/\/www.pirimlar.com\/ankara\/index.php?rest_route=%2Fwp%2Fv2%2Fmedia&parent=276"}],"curies":[{"name":"wp","href":"https:\/\/api.w.org\/{rel}","templated":true}]}}